et h(l) = -2*l**2 + 41*l - 8. Give h(21).
-29
Let a(s) = s**3 + 18*s**2 + 19*s + 33. What is a(-17)?
-1
Let a(y) = -y**3 - 2*y**2 + 5*y - 14. Give a(-4).
-2
Let j(f) = -f**2 - 9*f + 74. Give j(5).
4
Let x(z) = -2*z - 2. Determine x(-3).
4
Let c(t) = 7*t - 278. Calculate c(42).
16
Let o(z) = 2*z**3 + 7*z**2 + 10*z + 17. Give o(-5).
-108
Let v(x) = -x**3 - 3*x**2 + 10*x + 17. What is v(-3)?
-13
Let g(o) = -o**2 - 19*o - 23. Give g(-18).
-5
Let x(v) = -2*v + 9. Give x(7).
-5
Let q(i) = -3*i - 13. Calculate q(-4).
-1
Let s(i) = -5*i - 110. Give s(-24).
10
Let k(z) = 3*z - 37. Calculate k(13).
2
Let h(f) = 5*f + 4. Calculate h(9).
49
Let s(v) = 109*v + 220. What is s(-2)?
2
Let z(f) = 5*f**2 - 5*f - 4. What is z(-3)?
56
Let q(n) = -n**3 - 10*n**2 + 4*n - 1. What is q(0)?
-1
Let r(b) = -4*b**3 + 3*b**2 + 5*b + 7. Determine r(-2).
41
Let f(u) = 4*u - 56. What is f(18)?
16
Let s(y) = y**3 - 7*y**2 + 6*y + 7. Give s(6).
7
Let z(k) = k**3 + 5*k**2 - 3*k - 15. What is z(-6)?
-33
Let o(k) = -7*k. Determine o(-2).
14
Let q(r) = r**3 - 37*r - 11. Give q(-6).
-5
Let y(p) = -p**2 - 16*p - 2. What is y(-17)?
-19
Let u(s) = 5*s - 7. Give u(6).
23
Let x(a) = a**2 + 3*a + 10. Calculate x(-9).
64
Let v(y) = -y**3 + 18*y**2 + 20*y + 18. What is v(19)?
37
Let z(u) = 5*u - 112. What is z(27)?
23
Let l(z) = 2*z + 38. Give l(-15).
8
Let u(a) = -9*a**2 + 4*a - 3. Calculate u(2).
-31
Let v(c) = 39*c**3 + c**2 + c - 1. Give v(1).
40
Let j(i) = -i**3 + 12*i**2 - 20*i - 19. Determine j(10).
-19
Let l(j) = j**3 + 26*j**2 + 26*j + 27. Calculate l(-25).
2
Let s(t) = t**3 + 3*t**2 - 2*t - 9. Calculate s(-3).
-3
Let n(c) = c**3 + 17*c**2 - c - 31. Calculate n(-17).
-14
Let j(x) = -x**2 + 46*x - 174. What is j(4)?
-6
Let q(a) = a**2 + 9*a - 3. Calculate q(-10).
7
Let y(j) = -j**3 + 32*j**2 - 180*j + 29. Calculate y(7).
-6
Let d(u) = -2*u - 30. Calculate d(-9).
-12
Let u(i) = i**3 + 7*i**2 - 7*i + 11. What is u(-8)?
3
Let f(o) = -4*o - 20. Calculate f(-3).
-8
Let r(m) = -m**3 - 12*m**2 - 9*m + 26. What is r(-11)?
4
Let f(n) = -n**3 - 12*n**2 - 9*n + 12. Give f(-11).
-10
Let j(w) = w**3 - 6*w**2 + 8*w - 8. Determine j(6).
40
Let m(v) = v**3 + v. Give m(1).
2
Let h(u) = 2*u + 87. Determine h(-27).
33
Let a(t) = t**3 + 18*t**2 + 9*t - 5. Calculate a(-17).
131
Let o(q) = -q**2 + 31*q - 32. Give o(30).
-2
Let v(r) = r**3 + 4*r**2 + r - 9. What is v(-4)?
-13
Let b(y) = -y**3 - 3*y**2 - 4*y - 2. Determine b(-2).
2
Let m(d) = -19*d + 16. Calculate m(1).
-3
Let i(t) = t**3 - 21*t**2 + 3*t - 30. What is i(21)?
33
Let l(i) = -12*i**2 - 8*i. What is l(-1)?
-4
Let w(o) = o**2 - 10*o - 11. Give w(8).
-27
Let q(b) = -60*b + 1. Determine q(1).
-59
Let v(l) = -l**3 + 6*l**2 - 3*l. Determine v(4).
20
Let s(j) = -9*j + 95. Give s(10).
5
Let z(y) = -y + 25. Determine z(7).
18
Let g(u) = -u**3 + 2*u**2 + 2*u + 2. Give g(3).
-1
Let v(b) = -4*b - 7. What is v(11)?
-51
Let h(j) = j**2 - 11*j + 10. Determine h(7).
-18
Let k(u) = -9*u**3 - u**2 - u + 2. What is k(2)?
-76
Let u(h) = -h**2 - 11*h - 3. Determine u(-6).
27
Let f(p) = p**2 + 4*p + 3. Determine f(-2).
-1
Let v(s) = -s**2 + 6*s + 17. Give v(7).
10
Let f(c) = c - 8. Determine f(11).
3
Let p(k) = -k**3 - 20*k**2 - 34*k + 27. Give p(-18).
-9
Let a(i) = i**3 - 6*i**2 + 7*i + 1. What is a(3)?
-5
Let m(o) = o - 8. Determine m(11).
3
Let o(u) = 2*u**3 + 10*u**2 + 5*u - 8. Calculate o(-4).
4
Let o(t) = -2*t**2 + 52*t - 29. Determine o(24).
67
Let x(g) = 3*g + 11. Give x(8).
35
Let h(p) = 5*p - 192. Calculate h(35).
-17
Let z(w) = 33*w**2 - 363*w - 2. What is z(11)?
-2
Let z(d) = 12*d**2 - 12*d + 13. Determine z(1).
13
Let m(f) = -5*f + 50. Determine m(10).
0
Let j(u) = -350*u - 2447. Determine j(-7).
3
Let u(v) = v**3 - 8*v**2 + 2*v - 15. What is u(8)?
1
Let w(t) = 2*t**3 - 84*t**2 + 28. Give w(42).
28
Let s(g) = 2*g**2 + 8*g - 6. Calculate s(-4).
-6
Let g(a) = -6*a - 8. Determine g(-6).
28
Let w(m) = 2*m**3 + 15*m**2 + 3*m + 9. Calculate w(-6).
99
Let i(a) = 26*a**3 - 2*a + 1. Give i(1).
25
Let t(a) = 5*a + 66. Calculate t(-14).
-4
Let b(y) = -34*y. What is b(-1)?
34
Let z(r) = -r**2 + 8*r - 15. Calculate z(10).
-35
Let r(k) = -k**3 + 14*k**2 + k - 3. Give r(14).
11
Let p(w) = -w**2 - 2*w + 18. Determine p(0).
18
Let c(y) = -4*y + 1. Calculate c(-7).
29
Let u(y) = -y**2 + 21*y + 49. Give u(23).
3
Let x(c) = -2*c + 3. Give x(14).
-25
Let c(t) = 2*t**2 + 24*t - 45. Give c(-13).
-19
Let q(j) = j**3 + 14*j**2 + 17*j + 51. Give q(-13).
-1
Let l(n) = n**2 - 11*n + 7. What is l(9)?
-11
Let n(y) = -2*y**2 + 25*y - 76. Determine n(7).
1
Let q(m) = 4*m + 4. What is q(-3)?
-8
Let w(x) = x**3 - 14*x**2 - 17*x + 30. Determine w(15).
0
Let w(q) = 9*q**2 - 9*q + 10. Determine w(3).
64
Let l(s) = s**2 - 19*s + 8. Calculate l(16).
-40
Let q(g) = g**3 + 9*g**2 - 9. Determine q(-9).
-9
Let n(x) = -x**3 + 2*x**2 + 2*x + 5. Give n(0).
5
Let w(z) = z**2 + 10*z. Calculate w(-10).
0
Let b(l) = -l**3 + 5*l**2 - 2*l + 9. What is b(5)?
-1
Let q(o) = o**3 + 7*o**2 + 8*o + 2. Give q(-7).
-54
Let i(h) = -h + 54. What is i(0)?
54
Let k(o) = 2*o**2 + o - 4. Give k(-3).
11
Let n(q) = -q**3 + 10*q**2 + 4*q - 4. Give n(10).
36
Let s(g) = 52*g + 2. What is s(-1)?
-50
Let b(m) = -m**2 + 38*m - 54. Give b(37).
-17
Let z(n) = n**3 + 9*n**2 + 4*n + 2. Determine z(-9).
-34
Let q(y) = -9*y + 20. Give q(5).
-25
Let i(z) = -z**3 + 9*z**2 - 21*z - 8. Determine i(4).
-12
Let n(j) = j**2 + 2*j + 26. Give n(0).
26
Let i(q) = q**3 - 8*q**2 + 17*q - 24. Calculate i(6).
6
Let r(l) = 24*l**3 - l**2 + 5*l - 5. Give r(1).
23
Let i(l) = l**3 - 13*l**2 + 18*l + 49. What is i(11)?
5
Let r(t) = t**2 - 4*t - 8. Give r(8).
24
Let p(u) = u**3 + 8*u**2 - 3*u - 3. Determine p(-7).
67
Let s(z) = 20*z - 82. Determine s(4).
-2
Let a(g) = -4*g**3 - 21*g**2 - 3*g - 2. What is a(-5)?
-12
Let p(j) = j**2 + 51*j + 307. Give p(-7).
-1
Let i(y) = 2*y - 26. Determine i(0).
-26
Let c(q) = -8*q + 12. What is c(7)?
-44
Let y(t) = t**3 + 7*t**2 - 2*t + 7. What is y(-7)?
21
Let i(b) = -b**2 + 22*b - 65. Calculate i(16).
31
Let l(h) = 4*h - 34. Calculate l(8).
-2
Let s(k) = -k**2 - 17*k - 21. What is s(-15)?
9
Let s(z) = 6*z**2 + 13*z + 5. Determine s(0).
5
Let j(r) = -3*r + 15. Calculate j(4).
3
Let f(k) = -k**2 + 7*k - 6. Determine f(4).
6
Let w(z) = -z**3 - 7*z**2 + 40*z + 287. Determine w(-7).
7
Let u(j) = -j**3 + 11*j**2 + 10*j + 20. Give u(12).
-4
Let d(w) = -111*w - 98. What is d(-1)?
13
Let j(s) = -s**3 - 5*s**2 + 5*s - 1. Determine j(-5).
-26
Let v(y) = -2*y**2 - 2*y - 3. Determine v(2).
-15
Let k(j) = 32*j + 290. Calculate k(-9).
2
Let c(v) = -2*v**2 - 16*v - 7. Give c(-8).
-7
Let s(f) = -f**3 + 4*f**2 + 5*f + 5. What is s(-2)?
19
Let l(p) = -p**3 + 4*p + 5. Give l(4).
-43
Let m(r) = 2*r - 12. Calculate m(4).
-4
Let y(q) = q**3 - 6*q - 6. Determine y(-3).
-15
Let h(w) = 22*w - 12. Give h(2).
32
Let f(m) = m**3 + 7*m**2 - 2*m - 7. What is f(-4)?
49
Let c(n) = n**2 - 6*n - 5. Calculate c(5).
-10
Let r(x) = -8*x + 39. Give r(5).
-1
Let h(z) = 2*z**2 - 5*z - 3. Give h(-7).
130
Let i(l) = -2*l - 22. What is i(0)?
-22
Let p(x) = -x**2 - 21*x - 56. Calculate p(-18).
-2
Let u(r) = r**2 - 7*r - 14. What is u(-2)?
4
Let s(d) = d**2 - 2*d + 1. What is s(3)?
4
Let l(t) = -5*t - 18. Calculate l(-9).
27
Let x(k) = -3*k**3 - 3*k**2 + 3*k - 1. Calculate x(-3).
44
Let s(k) = -15*k - 5. Calculate s(1).
-20
Let w(p) = -p**3 + 6*p**2 - 2*p + 3. What is w(6)?
-9
Let i(y) = -8*y**2 + 72*y - 8. What is i(9)?
-8
Let w(v) = v**2 - 22*v - 25. Determine w(26).
79
Let m(q) = -2*q**3 + 14*q**2 + 3*q - 21. Determine m(7).
0
Let u(y) = 4*y + 17. Give u(-22).
-71
Let q(o) = -o + 8. What is q(9)?
-1
Let f(a) = a**3 - 9*a**2 + a - 2. Determine f(9).
7
Let f(o) = o**3 - 9*o**2 - 12*o - 13. What is f(10)?
-33
Let x(i) = 109*i - 5. Determine x(0).
-5
Let g(d) = 26*d**2 - 2*d. Give g(1).
24
Let w(k) = 2*k**2 + k - 1. Give w(0).
-1
Let y(u) = 68*u + 72. What is y(-1)?
4
Let d(j) = 13*j - 8. Calculate d(5).
57
Let k(d) = -21*d**3 - d**2 - 4*d - 3. What is k(-1)?
21
Let g(a) = a**2 + 6*a. Determine g(-6).
0
Let m(g) = g - 17. Give m(21).
4
Let c(r) = -r**2 - 11*r - 29. Give c(-9).
-11
Let x(c) = -c**3 - 3*c**2 + c + 3. Give x(-4).
15
Let a(g) = -12*g + 14. Determine a(5).
-46
Let c(d) = 5*d**2 + d + 3. Give c(2).
25
Let v(n) = 28*n**3 + n - 1. Calculate v(1